n(2)?
8
Suppose 9*n = 11*n + 28. Let d = -9 - n. Let h(v) = v**3 - 3*v**2 - 4*v + 10. What is the tens digit of h(d)?
4
Let u = -282 - -168. Suppose 318 + 577 = -5*y. Let j = u - y. What is the tens digit of j?
6
Let f = -160 + 255. Let u be (195/9)/((-3)/(-27)). Let w = u - f. What is the hundreds digit of w?
1
Let b = -7 - -12. Let k be b/(-15) + (-6)/9*1. What is the units digit of k + 3 + 11/(-11)?
1
Suppose 3 = i + 1, 0 = 3*w - i - 10. Suppose -2*c + 1 = -f, -w*c + 2*c = -2*f. What is the units digit of 5*(-2)/10*(-64)/c?
4
Let o(n) = n - 19. Let c be o(21). Let q be (-6 - -7) + 1*c. Suppose q*p = -3*x - 2*x + 113, -x = 5*p - 181. What is the tens digit of p?
3
Suppose -2*a + 2941 = 5*z, 2*a + 2*z + 1428 - 4378 = 0. What is the units digit of a?
8
Let c = 134446 + -72132. What is the hundreds digit of c?
3
Let z = 27 - 69. Let f be 0/(-1 - -3) + z + -1. Let g = 50 + f. What is the units digit of g?
7
Suppose -2*y = k - 14, 4*k - 21 = y - 2*y. Suppose -14*s + 42 = -28. Suppose 4*j = -s*h + 834, j = y*h - j - 858. What is the units digit of h?
0
Suppose 5*n - 232918 = l, 3*l + 61367 = -6*n + 340898. What is the units digit of n?
5
Suppose 3*o = -2*x + 237, -31*x + 4*o = -26*x - 650. Suppose 0 = 120*k - x*k + 3582. What is the units digit of k?
7
Suppose 0 = 57*j - 36106 - 321056. What is the thousands digit of j?
6
Let w(i) = 419*i - 58. Let a be w(2). Suppose -2*o + 512 = -2*f, 0 = 3*o - 5*f - a + 20. What is the units digit of o?
0
Let u(l) = 829*l**2 + 75*l - 89. What is the hundreds digit of u(7)?
0
Let g(o) = 129*o + 4*o**3 - 1 - 3*o**2 - 148*o + 3*o**2. What is the tens digit of g(6)?
4
Let f be (-4408)/(-40) - 1/5. Suppose 2*r + 10 = 0, 4*r - 2 = -4*h + f. What is the units digit of h?
3
Let i be ((-4)/3)/(14/63). Let r = 10 + i. Suppose t + r*y = -0*y + 126, 5*t - y = 588. What is the hundreds digit of t?
1
Let l(n) = 94 - 193 + 0*n**2 + 2*n + 95 + 9*n**2. Let y(c) = c**3 + 4*c**2 + 2*c - 2. Let s be y(-2). What is the tens digit of l(s)?
3
Suppose 5*i = -4*j - 1746, 3*j - 1405 = 4*i - 2*j. Let l be (-5 + (-138)/(-30))*3*i. Suppose -4*z + 124 = -l. What is the tens digit of z?
3
Suppose 0 = 81*z - 87*z + 33066. What is the tens digit of z?
1
Let h(d) = -4*d**2 - 38*d + 11. Let r(p) = -9*p**2 - 88*p + 23. Let u(z) = -14*h(z) + 6*r(z). Suppose 23 + 13 = -4*c. What is the tens digit of u(c)?
1
Suppose -23*t + 88650 = -315713. What is the thousands digit of t?
7
Let b(t) = -t - 11. Let s be b(-15). Suppose 1439 = s*q - 137. What is the units digit of q?
4
Let v(t) be the third derivative of 9*t**5/20 - 31*t**4/24 - 3*t**3/2 - 7*t**2 + 7*t. What is the thousands digit of v(-6)?
1
Suppose -13*b - 1346 = 214. Let l = b + 826. What is the units digit of l?
6
Let o(d) = 13*d - 55. Suppose 2*z - 3*x = 7, -z - z = -2*x - 12. What is the units digit of o(z)?
8
Let i = -27 - -115. Suppose 3*v - 2224 = -i. What is the tens digit of v?
1
What is the ten thousands digit of 16/(((-10)/4)/((-46730)/8))?
3
Suppose 31*z + 10*z = 646898. What is the units digit of z?
8
What is the thousands digit of (-1188250)/(-105) - (-15)/(-9)?
1
Let t = -23 - -35. Suppose 6025 = t*q + 1453. What is the units digit of q?
1
Let j = 63 + 102. Suppose -3*d + j = 6*w - 4*w, 0 = -d - 4*w + 45. Suppose 0 = 2*z + 5*l - d, 3*z - 53 = -2*l + 27. What is the tens digit of z?
2
Let q(h) = -269*h - 982. What is the units digit of q(-75)?
3
Let o = -156 + 177. Let m(j) = 32 + 44*j - 5 - 86*j**2 + 63*j**2 + j**3. What is the units digit of m(o)?
9
Let q be (-5428)/1 + (-42 - -36). What is the hundreds digit of (-2)/7 - 5/(35/q)?
7
Let j = 3 - 3. Let c(d) = -d**3 + d + 12. Let p be c(j). Suppose -8*u - p = -44. What is the units digit of u?
4
Let s be 145/3 + 1/(-3). Suppose -1127 - 313 = -36*u. Suppose -3*t - y = -s, 2*t = -2*y + u - 12. What is the units digit of t?
7
Suppose 205*l - 8356287 - 1356071 + 627373 = 0. What is the units digit of l?
7
Suppose 74 + 356 = 5*t. Let f = 95 - t. What is the hundreds digit of ((-1095)/(-9) - 1)/(6/f)?
1
Let n(y) = -18*y + 21. Let u be n(6). Let f = u + 293. What is the units digit of f?
6
Let m(w) be the third derivative of 2*w**4/3 - w**3 + 19*w**2 - 2*w. What is the units digit of m(10)?
4
Let o(x) = x**3 - 9*x**2 - 71*x - 30. What is the units digit of o(24)?
6
Suppose 4*c - 5*p - 56127 = -0*c, -2*p + 126352 = 9*c. What is the units digit of c?
8
Let k = 469 + -465. Suppose k*z - 1707 = 4*o + 233, 0 = z + o - 481. What is the units digit of z?
3
Let f(t) = -3*t**2 + t - 13 + 4*t**2 + 9*t. Let s be f(-11). What is the tens digit of (-10 + 3)/(s/16)?
5
Suppose 2*j + 10 = 4*j. Suppose 3*q - 42 = -j*m - 12, 5*m = -5*q + 40. Suppose q*r + 3 = 8*r. What is the units digit of r?
1
Let i = -964 - -2119. Suppose 4*t + a + 4*a = i, 2*a - 1465 = -5*t. What is the hundreds digit of t?
2
Suppose 3*y + 4*a - 340154 = -81824, 0 = -y - 5*a + 86132. What is the ten thousands digit of y?
8
Suppose 113*d - 123*d = -180. Suppose 39*i = d*i + 20223. What is the tens digit of i?
6
Suppose t - 2*y = 5914, -28*t - 4*y - 29588 = -33*t. What is the hundreds digit of t?
9
Suppose -4*y - 45879 = 14*l - 25*l, 2*l + 2*y - 8328 = 0. What is the tens digit of l?
6
What is the thousands digit of (-12)/22 - (-7011622)/1133?
6
Suppose 0 = -5*a - 5*s + 13015, -2*s - 10398 + 2594 = -3*a. Suppose 0 = 9*w + a - 6796. What is the tens digit of w?
6
Let w(u) = 10*u**2 + 279*u - 2070. What is the units digit of w(63)?
7
Let t(x) = 141*x - 3 + 10*x + 222*x + 12*x. What is the units digit of t(2)?
7
Suppose 9*m + 21000 = 16*m. Suppose -m = -77*o + 71*o. What is the tens digit of o?
0
Let j be (-1914)/(-8) - 18/(-24). Let z = 453 - 449. Suppose 9*v - j = z*v. What is the tens digit of v?
4
Let a(w) = -w + 16. Let l be a(8). Suppose 0 = 4*z - 2*q - 8, -6*z - l = -2*z + 2*q. Suppose z = 3*k - 10*k + 469. What is the units digit of k?
7
Suppose -4*k = 4*v - 8, 3*v - 7*k = -2*k + 38. Suppose -v*o + 36 = 12. What is the hundreds digit of (o + (-1560)/25)/((-2)/5)?
1
Suppose -96 = 4*t - 12*t. Let s(u) = u**3 - 12*u**2 + u - 12. Let g be s(t). Suppose 2*v - v + 3*h - 83 = g, -3*v - 4*h + 239 = 0. What is the units digit of v?
7
Let p = -54 + 56. What is the units digit of (-9)/(9/p) + 194?
2
Let k be 87/203 - (-12583)/7. Suppose 4*q = -q - 5*y + 1795, -5*q - 2*y + k = 0. What is the tens digit of q?
6
Let i(z) = 2*z**2 + 7*z - 9. Let c be i(-7). Suppose 0 = -8*r - 2*r + c. What is the tens digit of 48 - (4 - r - -4)?
4
Suppose 859427 = 54*w - 3307483. What is the units digit of w?
5
Let t(r) = -r**2 + 18*r + 29. Let b be t(39). Let x = 893 + b. What is the tens digit of x?
0
What is the thousands digit of ((-147)/21 - 50770)/(-1)?
0
Let w(y) = -10*y + 181. Let t be w(17). Suppose t*d - 1211 = 10*d. What is the tens digit of d?
1
Suppose -123*a - 52*a + 935550 = 0. What is the tens digit of a?
4
What is the hundreds digit of (-2 - -2) + -7 - (-40285 - -16)?
2
Suppose -4*s - 3670 = 3*c - 16590, 4*c = 2*s + 17190. What is the hundreds digit of c?
3
Suppose 2*k + 2*f = -3*f + 927, 0 = 2*k - 5*f - 977. Suppose -101*p + 92*p = -18. What is the tens digit of p/3 - k/(-6)?
8
Suppose 101770 = 8*k - 5*k + 2*s, -2*k + 4*s + 67836 = 0. What is the tens digit of k?
2
Let h(k) = 101*k**2 + 95*k**2 - 289*k**2 - 25*k**3 - 17*k - 78 + 95*k**2. What is the tens digit of h(-4)?
2
Let a be (80/(-12) - 3)*3/(-1). Suppose -26*r - 474 = -a*r. Suppose -r = -13*q - 2. What is the tens digit of q?
1
What is the ten thousands digit of -1 + (15719 - 0 - 30/105*-14)?
1
Suppose 4*k + o = 133338 - 22400, 3*k - 83196 = 3*o. What is the units digit of k?
4
Suppose -7 = -3*d - 19, -2*d - 118 = 5*f. Let w be ((-110)/(-30))/((-5)/(-15))*1. What is the tens digit of w/f*(-328)/2?
8
Suppose 0 = -3*h + 4*h + 4. Let g be (-6)/(h/2) + (-1 - 0). Suppose g*w = -5*o + 273, -3*w - 3 + 0 = 0. What is the units digit of o?
5
What is the units digit of ((-3)/(-6) + 1)*-2 - 87444/(-14)?
3
Let u(x) be the second derivative of x**4/3 - 11*x**3/6 + 53*x**2/2 - 15*x + 2. What is the tens digit of u(10)?
4
Let p = 72 + -68. Suppose p*t + y - 29 = 0, 4*t - 48 = -3*y - 17. Suppose -t*q - 384 = -10*q. What is the units digit of q?
8
Let h(g) be the second derivative of -g**5/20 - g**4/3 + 4*g**3/3 + 5*g**2 + 4*g. Suppose t - 3*j + 5*j + 3 